 16, what is -a + -45cc?
-45d6
In base 15, what is -160cc + 9?
-160c3
In base 8, what is -2521555 + 0?
-2521555
In base 7, what is -236556 + -11?
-236600
In base 9, what is -115 - -3333?
3217
In base 6, what is -5 + 1240?
1231
In base 11, what is 423 + -946?
-523
In base 5, what is -1 + 1010333104?
1010333103
In base 10, what is -1157 - -37?
-1120
In base 4, what is 3112302 + -10?
3112232
In base 3, what is 2122212 + -11?
2122201
In base 4, what is -11 + 1021212?
1021201
In base 2, what is -1010100 - -10001011011?
10000000111
In base 6, what is 25 + 510105?
510134
In base 14, what is 34 + -c?
26
In base 7, what is -5653 - 225?
-6211
In base 9, what is 311377 + -3?
311374
In base 12, what is 4b - 33?
18
In base 12, what is -11881 + 1?
-11880
In base 10, what is 33831 + 16?
33847
In base 10, what is -332 - -57?
-275
In base 14, what is 8743 + -11?
8732
In base 10, what is -78 - -50?
-28
In base 2, what is 1011 - 100111110110100000?
-100111110110010101
In base 6, what is -302520 - -10?
-302510
In base 15, what is d51ec + 4?
d5201
In base 5, what is 4 + -12130412?
-12130403
In base 9, what is -24235 + 5?
-24230
In base 12, what is -1 - -9aa4?
9aa3
In base 4, what is 12233 - -1100?
13333
In base 5, what is 21142303 + -13?
21142240
In base 3, what is -100221 + 1101011?
1000020
In base 9, what is -165 - -12642?
12466
In base 10, what is -41 - -16998?
16957
In base 8, what is -11124 - 427?
-11553
In base 8, what is 625740 + 1?
625741
In base 5, what is 4 + 1214432?
1214441
In base 2, what is -1100100000100001 + 110?
-1100100000011011
In base 8, what is 3 + -167743?
-167740
In base 5, what is 4003 + -241?
3212
In base 2, what is -10 - -10001111000011?
10001111000001
In base 13, what is 60 + 24?
84
In base 2, what is -11100101 - 10011010?
-101111111
In base 14, what is c - -1a10?
1a1c
In base 6, what is 4 - -1540020?
1540024
In base 14, what is -74b3 + 4?
-74ad
In base 5, what is 1 + -344?
-343
In base 5, what is 332 - 12201?
-11314
In base 10, what is -3323 - 110?
-3433
In base 9, what is 3351 - -21?
3372
In base 13, what is 3 - -23791?
23794
In base 9, what is -3061587 - -2?
-3061585
In base 13, what is 0 - -16a26?
16a26
In base 13, what is 4 + -5c3a?
-5c36
In base 16, what is 1 - 1bdd8?
-1bdd7
In base 11, what is -1 + -380433?
-380434
In base 12, what is -836 + 46?
-7b0
In base 7, what is -431322 + 2?
-431320
In base 3, what is -222001101020 + -1?
-222001101021
In base 14, what is -b + -3b659?
-3b666
In base 2, what is -100101 - -10000000010?
1111011101
In base 13, what is -3a78 - -2?
-3a76
In base 9, what is 42 + -671?
-628
In base 3, what is -10 - -2010221022?
2010221012
In base 7, what is 5124253 - 0?
5124253
In base 12, what is -18 + 25320?
25304
In base 11, what is 5 + 66434?
66439
In base 4, what is -2 - 203031?
-203033
In base 2, what is 1000101010011 + 0?
1000101010011
In base 3, what is 11 + -1012121?
-1012110
In base 2, what is -1001111111010000 + -101?
-1001111111010101
In base 9, what is 1 - 474744?
-474743
In base 7, what is 452 - -40441?
41223
In base 14, what is -3 + 24cc?
24c9
In base 13, what is a8ac9 - -8?
a8b04
In base 16, what is -51e - 67?
-585
In base 16, what is 3 + -589c?
-5899
In base 8, what is -2761134 + -1?
-2761135
In base 14, what is 415a + 3?
415d
In base 8, what is -12537 - -3?
-12534
In base 10, what is -3948 - 355?
-4303
In base 14, what is 567 - 1d?
548
In base 8, what is 4334 - 467?
3645
In base 2, what is 1010110111100 + -1111?
1010110101101
In base 10, what is -79149 - 4?
-79153
In base 4, what is -10 - 23321310?
-23321320
In base 14, what is 58d63 + 8?
58d6b
In base 9, what is -5 - 3848?
-3854
In base 16, what is -a + -1ee1a?
-1ee24
In base 13, what is -322 - -c91?
96c
In base 12, what is -39 - -143?
106
In base 9, what is 120 - 647?
-527
In base 5, what is -2131 - 223310?
-230441
In base 6, what is -31131142 - -13?
-31131125
In base 16, what is 413 + -174?
29f
In base 2, what is -101 + 11100000101000?
11100000100011
In base 11, what is -8 + -11078?
-11085
In base 12, what is -1a853 - -9?
-1a846
In base 4, what is 13303303 - -21?
13303330
In base 10, what is 1389 - -16?
1405
In base 7, what is -1151 + -143?
-1324
In base 6, what is 3530532 + 0?
3530532
In base 3, what is -21020011 - -2010?
-21011001
In base 15, what is -71 - -a?
-66
In base 2, what is -110010001 + -1?
-110010010
In base 10, what is 379 - -152?
531
In base 12, what is 5 + -10a3a1?
-10a398
In base 11, what is 1256 + 58?
1303
In base 2, what is 1110001001 - -1011001111?
11001011000
In base 15, what is -61c + 41?
-5cb
In base 7, what is 26001 + 643?
26644
In base 12, what is -1272 - 29?
-129b
In base 8, what is -73113 - 1?
-73114
In base 5, what is 10 + -31111132?
-31111122
In base 10, what is 31371 - -1?
31372
In base 9, what is 5700 - 1?
5688
In base 6, what is -22 - -524322?
524300
In base 11, what is -4003 + 74?
-3a3a
In base 13, what is -325c7 + -2?
-325c9
In base 16, what is 5 - -af2e?
af33
In base 16, what is -47dec - -4?
-47de8
In base 7, what is -4 - -511034?
511030
In base 5, what is 3 + -2111414?
-2111411
In base 14, what is -80dcb - -1?
-80dca
In base 5, what is -2 + 243203231?
243203224
In base 4, what is -300 + 10333?
10033
In base 10, what is -9590 + 17?
-9573
In base 5, what is 143141 + 30?
143221
In base 11, what is 0 + -22363?
-22363
In base 8, what is 14 + 11255?
11271
In base 11, what is -2922 + 0?
-2922
In base 8, what is -2512 - 143?
-2655
In base 4, what is -223 + -1221322?
-1222211
In base 8, what is 10663 + 15?
10700
In base 6, what is 510000 + -1?
505555
In base 5, what is -33341 - 1?
-33342
In base 7, what is 5 + -146634?
-146626
In base 6, what is 55522 - 4?
55514
In base 8, what is -1443 - -1003?
-440
In base 2, what is 1001101111111001 - 1010?
1001101111101111
In base 10, what is 4470 - -10?
4480
In base 9, what is 70 + 37707?
37777
In base 14, what is -19c40 - -b?
-19c33
In base 9, what is 2724 + 16?
2741
In base 8, what is 52763 - 4?
52757
In base 7, what is 2652 - 25?
2624
In base 14, what is 5 + b169?
b170
In base 8, what is 134024 + 0?
134024
In base 12, what is 2088 + 1?
2089
In base 5, what is -124 - 2030332?
-2031011
In base 10, what is 47 + 35892?
35939
In base 7, what is 3 + -166066?
-166063
In base 3, what is -1 + -1121110020121?
-1121110020122
In base 9, what is -361731 - 0?
-361731
In base 10, what is -74755 + 1?
-74754
In base 10, what is -1645 + 414?
-1231
In base 10, what is -4341 - 7?
-4348
In base 2, what is -1000 - 1011011111?
-1011100111
In base 3, what is 2 + 1010200?
1010202
In base 16, what is 25 + 2c6d?
2c92
In base 13, what is 14 + -1045?
-1031
In base 4, what is 1 - -2100101?
2100102
In base 2, what is 1 + 1010010111101?
1010010111110
In base 16, what is -159 - -274?
11b
In base 15, what is 5 + a9e1?
a9e6
In base 5, what is -31423 + -4?
-31432
In base 14, what is 28 - 2dca?
-2da2
In base 7, what is 4 - -104135?
104142
In base 10, what is 8820 - 0?
8820
In base 12, what is -758132 + -1?
-758133
In base 4, what is -113 + -21211?
-21330
In base 9, what is 21130 - 1?
21128
In base 12, what is -3 - 27b03a?
-27b041
In base 3, what is 100 + -1202021200?
-1202021100
In base 8, what is -3 - -127372?
127367
In base 15, what is -35d920 + -4?
-35d924
In base 3, what is 210 + 10211021?
10212001
In base 7, what is 2 - -1222452?
1222454
In base 11, what is 1663 - -107?
176a
In base 15, what is -1e8 - 460?
-658
In base 2, what is -1110101001100001001 + 1011?
-1110101001011111110
In base 12, what is -14 - b333?
-b347
In base 4, what is 11 + -221313?
-221302
In base 5, what is -10120 + -40?
-10210
In base 13, what is -65 - 1115?
-117a
In base 2, what is 0 - 10001111100111110011?
-10001111100111110011
In base 8, what is -11303 - 46?
-11351
In base 6, what is -2 + 134112?
134110
In base 8, what is 4 + -1057530?
-1057524
In base 16, what is a5 + -5a?
4b
In base 15, what is 186 + -8dd?
-757
In base 9, what is 2202818 + -2?
2202816
In base 7, what is 2110310 + -21?
2110256
In base 9, what is -631048 + -13?
-631062
In base 12, what is -428 - 683?
-aab
In base 12, what is 6182a - 3?
61827
In base 15, what is 363 + -1432?
-10be
In base 2, what is -111011 + -1111100001010?
-1111101000101
In base 14, what is -6527 + -4?
-652b
In base 10, what is 114237 - -2?
114239
In base 4, what is 10 + 12301312?
12301322
In base 1